15242. Suppose 0 = 2*m - m - 5*u - 47, -u + 17 = m. Suppose -4*o - 7 = -x - m, 10 = 3*o - 2*x. Calculate z(o).
0
Let y(d) = -d + 15. Let v be y(9). Let m(k) be the third derivative of 0*k - 1/60*k**5 + 0 + 1/24*k**4 + 1/120*k**v + 1/2*k**3 + 5*k**2. What is m(0)?
3
Suppose 0 = -4*v + 4*k + 24, -2*k + 15 - 35 = -4*v. Let q(g) = -4*g - 5. Determine q(v).
-21
Let d(g) = -2*g - 4. Let t be d(-5). Let h(f) = -5*f**3 + f**2 - 10*f - 10. Let x(k) = 9*k**3 - k**2 + 19*k + 18. Let y(q) = 11*h(q) + 6*x(q). Determine y(t).
-14
Suppose -2*k = 2*c - 6, k + 2*k = -4*c + 5. Let y(a) = -5*a + 6. Determine y(k).
-29
Let u(q) be the third derivative of 39*q**2 + 0*q + 1/24*q**4 + 0 - 2/3*q**3. Determine u(0).
-4
Let p(a) = -7*a**3 - a - 1. Let l(s) = -s**3 - 11*s**2 - 29*s + 5. Suppose 38 = v + 44. Let f be l(v). What is p(f)?
7
Let b = 3 - 0. Suppose 96*h - 94*h - 6 = 0. Suppose b = -h*c, -8 = 2*i - 0*c - 4*c. Let s(r) = r**2 + 6*r - 3. Determine s(i).
-3
Let f(t) = -9*t**2 - 2 - 1 + 2 + t. Let s = 998 - 997. Calculate f(s).
-9
Let s(m) = -m**2 + 7*m + 40. Let c be 275/150*1/((-2)/(-12)). Give s(c).
-4
Suppose 0*h - 5*h = -3*h. Let q(k) be the second derivative of 2*k + h + 1/6*k**3 - 7/2*k**2. Give q(0).
-7
Let q(z) = -9*z**2 - 2*z - 1. Let h = 15 + -7. Suppose 3*s = h*s + 5. Calculate q(s).
-8
Let s(i) = -5*i - 14. Let l be s(-3). Let h(x) = l + 7*x**3 - 17*x**3 + 2*x**3 + 9*x**3 + x**2 - 4*x. Give h(-3).
-5
Let n(s) be the second derivative of 1/360*s**6 + 0 - 5/6*s**4 + 0*s**3 + 4*s - 1/40*s**5 + 0*s**2. Let u(c) be the third derivative of n(c). Calculate u(4).
5
Let r(m) be the second derivative of 0 + 2*m**2 - 1/6*m**4 - 2/3*m**3 - 16*m. Give r(-4).
-12
Let m(h) = -19*h**3 + 8*h**2 - 15*h + 18. Let y(d) = -16*d**3 + 8*d**2 - 15*d + 17. Let u(b) = -5*m(b) + 6*y(b). What is u(6)?
-6
Suppose 0 = -5*s - 46*s - 102. Let i(n) = -2*n - 1. What is i(s)?
3
Let c be (-6)/((-7)/((-28)/6)). Let o(s) = 2*s**3 - 4*s**2 - 6*s. Let g = 0 + 3. Let a(f) = -3*f**3 + 4*f**2 + 7*f. Let d(p) = g*a(p) + 4*o(p). Determine d(c).
12
Let s be 473/77 - 1/7. Suppose 0 = 2*b - s*b - 16. Let g be b - 1*(1 + -2). Let w(x) = x**2 + 2*x - 3. What is w(g)?
0
Let l(x) = -12 - x + 2 + 5. Determine l(6).
-11
Let m(t) = -t**2 - 15*t + 11. Let x be m(-14). Let h = x + -23. Let r(s) = -1 + 2 - 6*s + 0. Give r(h).
-11
Let c(f) = f**3 - 6*f**2 + 6*f + 2. Let u be c(5). Let g(p) = -8 - 4*p - 6*p**2 + 10*p**2 - 3*p**2. Calculate g(u).
13
Suppose 32*x = -3*v + 36*x - 85, -8 = -2*x. Let p(i) = -i**2 - 25*i - 49. Calculate p(v).
-3
Let y(f) = f + 1. Suppose -r - 70 = 5*m, -2*m = 3*m - 3*r + 90. What is y(m)?
-14
Let u(a) = -a**2 + 7*a - 7. Let j = 109 - 104. Give u(j).
3
Suppose 0 = 3*c + 7*y - 5*y + 25, 5*y + 35 = -2*c. Let m(o) = -5 - 4*o**2 + 3*o**2 + 2*o**2. Give m(c).
20
Suppose 246*q - 12 = 242*q. Let o(l) = 0 - l - 3*l**2 + 2*l**3 - 3 - l**3. Calculate o(q).
-6
Let q(i) = -5*i**3 - 17*i**2 - 23*i + 10. Suppose 56 = 2*l + 46. Let r(o) = 3*o**3 + 11*o**2 + 15*o - 7. Let m(k) = l*q(k) + 8*r(k). What is m(4)?
-2
Let z(c) = -4*c + 10011 + 9984 - 19978. What is z(6)?
-7
Let c(r) = -r**2 - 8*r - 14. Let v be 4/14 - -17*(-9)/21. What is c(v)?
-7
Let g(k) = -k**2 - 10*k + 15. Let z(d) = d**2 - 1. Let a(l) = g(l) + 2*z(l). Let n be a(9). Suppose 4*o = 5*o + n. Let p(c) = 3*c + 2. Give p(o).
-10
Suppose 3*j + 12 = 2*g - 5, 3*g + 12 = -3*j. Let s be (j/10)/(3/144). Let a = -23 - s. Let f(x) = 5*x**2 - x. What is f(a)?
4
Let h = 556 - 570. Let x(k) = -k**2 - 16*k - 19. Determine x(h).
9
Let a(j) be the third derivative of -j**4/8 + 35*j**3/6 + 9*j**2. Let u be a(15). Let y(o) = -o - 9. Calculate y(u).
1
Let h = 44 + -41. Let y(d) = 7. Let m(j) = -1. Let k(q) = 6*m(q) + y(q). Let p(u) = u**2 - 5*u - 1. Let c(a) = 4*k(a) + p(a). Give c(h).
-3
Let r(p) = -p**2 - 10*p - 11. Suppose 0 = 5*c - 3*c - 4. Suppose 0 = -5*o + m - c - 36, -16 = 3*o - 4*m. Calculate r(o).
5
Let l(h) = -3*h + 6. Let f(b) = b**2 - 15*b + 46. Let x be f(5). Calculate l(x).
18
Let p(d) = d - 13. Let n = -363 + 371. Calculate p(n).
-5
Suppose -2*s + s = -3*g + 37, -3*g - 3*s + 57 = 0. Let q(v) = v**2 - 15*v + 8. Calculate q(g).
-6
Let d(n) = 13*n**2 - 2*n + 6. Suppose 5*r + 8 = -27. Let y(c) = 4*c**2 - c + 2. Let f(i) = r*y(i) + 2*d(i). Let x = 5 + -3. Determine f(x).
-4
Let i(n) = -11*n**3 - n**2 + n + 3. Let b(q) = 22*q**3 + 2*q**2 - 2*q - 7. Let h(g) = -2*b(g) - 5*i(g). Suppose 3 = -3*m + 4*k, 0*m - 2*k + 2 = -2*m. Give h(m).
-10
Let n(s) be the third derivative of -1/120*s**6 - 1/6*s**3 + 2*s**2 - 1/3*s**4 - 3/20*s**5 + 4*s + 0. Calculate n(-8).
-1
Suppose 6 + 9 = 5*x, 0 = o - x + 12. Let d(v) = -3 + v**3 + 4 + 10*v + 10*v**2 + 0*v**3 + 2. Determine d(o).
-6
Let a(g) be the second derivative of -g**6/80 - g**5/120 - 2*g**4/3 - 5*g. Let f(n) be the third derivative of a(n). What is f(-1)?
8
Let o(r) = -4*r + 7. Let h be 2 - -4*12/(-16). Let q(v) = v - 1. Let c(i) = h*o(i) - 5*q(i). Calculate c(6).
-8
Let c = -2 + 4. Let p(s) = 15*s**2 - 2*s - 1. Let g(o) = -13*o**2 + 2*o + 1. Let h(d) = 6*g(d) + 5*p(d). Determine h(c).
-7
Let g(v) = v**3 + 19*v**2 + 17*v - 30. Let f be 64/(-48)*(-189)/(-14). What is g(f)?
-12
Let s be 24/(-60) + (-197)/(-5). Let v(j) = s + 46 - 8*j - 123 + 48 - j**2. Calculate v(-7).
17
Let c(h) = h**3 - 8*h**2 + 6*h + 15. Let j(o) = o**2 - 10*o - 32. Let b be j(-3). Calculate c(b).
8
Suppose -1 = 5*m + 14. Let y be ((-4)/m)/((-2)/6). Let l(v) be the first derivative of v**2 + 5*v - 2. Give l(y).
-3
Let f(k) = -2*k**2 + 7*k - 2*k + k. Let v(q) = 7*q - 6 - 4*q - 3 + 1. Let s be v(4). Determine f(s).
-8
Let c(g) = g**2 + 5 - 9*g + 4*g**2 + 17*g**3 - g**2 - 18*g**3. Let o(f) = -f**3 + 3*f**2 - 10*f + 6. Let v(q) = 5*c(q) - 4*o(q). Give v(7).
15
Let i(r) = r - 2. Suppose 496*n = 493*n + 30. Determine i(n).
8
Let j(o) be the first derivative of -o**6/360 + o**5/60 - o**4/24 + 11*o**3/3 + 6. Let q(g) be the third derivative of j(g). Give q(5).
-16
Let k be (-222)/185*(-60)/8. Let q(x) = -x + 11. What is q(k)?
2
Let r(v) = -v**3 + 3*v**2 - 2*v. Let i(u) = 4*u - 22. Suppose 3*t + 4 = 22. Let f be i(t). Calculate r(f).
0
Let o(d) = 12*d**2 + 4*d + 4. Let w(n) = 11*n**2 + 3*n + 3. Let s(j) = 5*o(j) - 6*w(j). Suppose -x + 32*l = 28*l - 6, 5*x + 6 = 2*l. Determine s(x).
-26
Let h(z) be the first derivative of 7/6*z**3 - 2*z**2 + 9 - 4*z + 1/2*z**4 - 1/20*z**5. Let l(q) be the first derivative of h(q). What is l(7)?
-4
Let o(l) = -6*l**2 - 136*l + 91. Let y(g) = -g**2 - 26*g + 18. Let x(p) = 2*o(p) - 11*y(p). Give x(8).
32
Let z(x) = -x**2 + 4. Let j be (-24)/(-14)*(42/(-4) - -7). Determine z(j).
-32
Let v(p) = 3*p**2 + 13*p - 14. Let k be v(1). Let f(y) = 17*y + 1. Give f(k).
35
Let r(t) = -t - 6. Let w = 49 + -25. Let x = w - 30. Calculate r(x).
0
Let o(r) = -2*r - 21. Suppose 15*b - 3*b = -144. Determine o(b).
3
Suppose -r - 385 = 54*r. Let k(v) = 2*v + 7. Calculate k(r).
-7
Let r(m) = m**3 + 2*m + 1. Let o(k) = -4*k**3 - 12*k**2 - 14*k + 13. Let c(p) = o(p) + 3*r(p). Calculate c(-11).
-17
Let f(i) be the first derivative of -i**5/120 + i**4/8 + 4*i**3 - 13. Let u(c) be the third derivative of f(c). Determine u(3).
0
Suppose -d + 1 = -2*o, 5*d - o - 1 = 13. Let s(n) = -2*n**2 - 4 + 6 - d*n - 6 + n**2. Give s(-4).
-8
Suppose 60 = 2*j + 3*c, -4*j + 0*c + 2*c + 136 = 0. Let u = j - 32. Let l = u + 6. Let i(n) = 2*n - 1. Give i(l).
13
Let j be 12/(-18) - 13/3. Let v(b) be the second derivative of 1/6*b**3 - 6*b + 0 + 1/2*b**2. What is v(j)?
-4
Let d(m) = 2*m**2 - m - 2. Suppose 0*p + 9*p = 4*p. Give d(p).
-2
Let m(d) = -9*d - 13. Let g(u) = -16*u - 24. Let i(q) = -4*g(q) + 7*m(q). Give i(5).
10
Let o(b) = b**3 + 6*b**2 - 7*b - 2. Suppose -45 - 11 = 8*s. What is o(s)?
-2
Let x(k) = 19*k + 29. Let q(h) = 8*h + 15. Let t(c) = -7*q(c) + 3*x(c). Determine t(8).
-10
Let l(j) be the third derivative of 16*j**2 - 1/12*j**4 + 1/6*j**3 + 0*j + 0. What is l(5)?
-9
Suppose -4*s + 20 - 4 = 0. Suppose 3*y = 5*r + 27, r + s*y + 28 = -3*r. Let f(g) = -60 - g + 27 + 23. Determine f(r).
-4
Let f(d) = 2*d + 6. Let n(q) = -1. Let o(b) = 1. Let p(v) = n(v) + 2*o(v). Let a(i) = -f(i) + 4*p(i). Calculate a(2).
-6
Let a(g) = -43*g + 1. Suppose -5*j = -2*j + d + 6, 0 = -3*j - 4*d - 15. Give a(j).
44
Let v(i) = 8*i**2 - 2*i + 1. Suppose 4*p = 2*p + 48. Sup